0*l - 5*l - 5*v + 80 = 0. What is the remainder when 31 is divided by l?
9
Suppose t - 2*t = 148. Suppose 0 = w + 4*k - 3, -2*w + 73 = w - 4*k. What is the remainder when (t/8 + 0)*-4 is divided by w?
17
Suppose 0*n + 10 = -5*n. Let m be 36/27*(-3)/n. Let s = 9 + m. Calculate the remainder when 41 is divided by s.
8
Suppose 93*j - 132 = 81*j. Calculate the remainder when 27 is divided by j.
5
Calculate the remainder when 475 is divided by (72/32*1)/((-9)/(-372)).
10
Calculate the remainder when 23 is divided by (2 + 91/(-35))*-10.
5
Suppose 750 = 3*x + 2*x. Suppose -2*h + 7*h = x. Let c(i) = -3*i + 2. What is the remainder when h is divided by c(-3)?
8
Let n = 4 + -35. Let z = n - -39. What is the remainder when 29 is divided by z?
5
Suppose -2*t = -54 - 42. What is the remainder when 93 is divided by t?
45
Let a(h) = 8*h + 105. Calculate the remainder when 490 is divided by a(-11).
14
Calculate the remainder when 287 is divided by 16 + (3 - (-2 + -6 + 9)).
17
Let z(b) = 5*b - 7 + 11 - 4. Calculate the remainder when z(1) is divided by 1.
0
What is the remainder when 116 is divided by (-73)/(-6) + (-122)/12 + 11?
12
Let z(b) = 3*b**2 - 10. What is the remainder when 49 is divided by z(3)?
15
Suppose -16 - 12 = -7*p. Suppose p*s = -v + 906, -5*s + 1020 = -v - 108. Calculate the remainder when s is divided by 38.
36
Let w be 2*21/6*6/2. Suppose 4*f - 5*i - 2 = 0, 0 = -4*f - 2*i + 5 + 11. Calculate the remainder when (w/(-12))/(2/(-8)) is divided by f.
1
Suppose -2*d + 9 + 65 = 0. Suppose -p = 24 - d. What is the remainder when 76 is divided by p?
11
Suppose 5*g - 2*c - 3137 = 1296, 3544 = 4*g - 4*c. What is the remainder when g is divided by 74?
73
Let v(m) = -5*m**3 + 4*m**2 - m - 13. Calculate the remainder when v(-3) is divided by 33.
29
Suppose 0 = 2*n - c + 5*c, 0 = n - 3*c - 15. Calculate the remainder when 137 is divided by n.
5
Let o(w) = w**2 - 2*w - 12. Let v be o(7). Let r = -20 + v. Let i(u) = -u**3 + 3*u**2 + 6*u - 6. What is the remainder when r is divided by i(4)?
1
Let k = 336 + 12. Suppose -2*g + k = 4*g. Calculate the remainder when g is divided by 12.
10
Suppose -5*f = -2*p + 149, 5*f = -3*p + f + 258. Calculate the remainder when p is divided by 41.
0
Let p(w) = 4*w + 3*w**2 - 4*w + 0*w + 3 + 2*w**3 - 4*w. What is the remainder when p(2) is divided by (-39)/2*(-132)/198?
10
Suppose -x + 3*s + 30 = -2*s, x = -5*s + 60. Suppose -115 - x = -5*t. Let y(c) = -21*c**3 + 2*c + 1. What is the remainder when t is divided by y(-1)?
12
Suppose -j - 4*c = -31, c - 3*c + 119 = 5*j. Suppose 0 = -m + 10 + j. What is the remainder when 97 is divided by m?
31
Let p = -4533 - -4595. Suppose -4*z + 7 + 45 = 0. Calculate the remainder when p is divided by z.
10
Suppose 0 = -5*d + 20, 0 = -0*n - 2*n - 2*d + 92. Let g = -14 + 18. Suppose 0 = -g*h + 82 - 22. Calculate the remainder when n is divided by h.
12
Let o = -257 + 282. Calculate the remainder when o is divided by 4.
1
Suppose q = -v + 30, -4*q + 126 = 5*v - 7*v. Suppose 62 + q = 3*w. Let k(z) = -146*z + 7608. Calculate the remainder when w is divided by k(52).
15
Suppose 3*z = 4*z - 5. Let o(b) = b**3 + 13*b**2 - 3*b - 13. Let x be o(-13). Suppose v + v = x. What is the remainder when v is divided by z?
3
Suppose 3*s - 24*o = -23*o + 84, 5*s = -2*o + 140. Calculate the remainder when s is divided by (8/(-3))/(2/(-12)).
12
Suppose 0 = 2*u - 3*w + 5, 2*u - 14 = -w + 1. Suppose 0 = 6*l - u - 145. Calculate the remainder when l is divided by 14.
11
Suppose -20*i = -19 - 221. Let h = -7 + 39. What is the remainder when h is divided by i?
8
Suppose 4 = s + o, -50 = -8*s + 3*s + 5*o. Calculate the remainder when 86 is divided by s.
2
Let k(o) = 2*o**2 + 6*o - 33. Calculate the remainder when 157 is divided by k(-7).
19
Suppose -v - 4*l + 5*l = -18, 3*l + 38 = 2*v. What is the remainder when (v + -1)*(-6)/(-9) is divided by 7?
3
Let y = -58 + 101. Let m = -731 - -742. Calculate the remainder when y is divided by m.
10
Let s(k) = 2*k**3 - 17*k**2 + 9*k + 2. Let g be s(8). Let p(j) = -j**2 + 10*j + 6. Calculate the remainder when 27 is divided by p(g).
3
Let j = 18 - 14. Suppose j*g = y + 1 - 4, 0 = g. Calculate the remainder when y is divided by 2.
1
Let d(o) = 14*o - 326. Calculate the remainder when 75 is divided by d(25).
3
Let q(u) = -9*u**3 + u**2. Let l be q(-1). Let w = 66 - 62. Calculate the remainder when 4/l - 441/(-35) is divided by w.
1
Let h(s) = -7*s**3 + 2*s**2 + 3*s - 2. Calculate the remainder when h(-2) is divided by 5.
1
Let p = -32 + 45. Let l(u) = 5*u - 45. What is the remainder when 40 + 1 + -2*1 is divided by l(p)?
19
Let g(v) = v**2 - 24*v - 204. What is the remainder when 348 is divided by g(-7)?
10
Let p(j) = j**3 - 6*j**2 + 7*j - 6. Let d(v) = -3*v**2 + 0*v**3 - 3 - 4*v**3 + 5*v**3 - 9*v. Calculate the remainder when p(5) is divided by d(5).
0
Let z = 554 + -290. What is the remainder when z is divided by 5?
4
Let d = -14 + 8. Let h = -4 - d. Suppose 3*g - 40 = h. What is the remainder when 53 is divided by g?
11
Suppose t + 36 = 37*t. What is the remainder when 26 is divided by t?
0
Suppose p - 41 + 24 = u, -u = p - 25. What is the remainder when 43 is divided by p?
1
Let i(t) = -t**2 - 5*t - 5. Let w be i(-7). What is the remainder when (0 - 2)*1 - w is divided by 9?
8
Suppose 0 = -d + 4 + 6. Suppose -d = -10*b + 400. Calculate the remainder when b is divided by 11.
8
Suppose 0 = m, 5*d + 43 - 133 = -5*m. Suppose 3*x = 5*y - d, 5*y - x - 6 = 10. Suppose -y*s + 67 = -74. What is the remainder when s is divided by 12?
11
Suppose 2*z + 3 = -2*x + 3*z, -4*z - 4 = -4*x. What is the remainder when 44 is divided by -23*(-5 - x - 0)?
21
Suppose 4 = 4*c + s, -3*c = s - 2*s - 3. Calculate the remainder when (c - (0 - 0))/(2/130) is divided by 17.
14
Let g = 33 + -29. Let s(b) = b**2 - 4*b + 3. What is the remainder when 15 is divided by s(g)?
0
Suppose 96 = -4*i + 136. What is the remainder when 25 is divided by i?
5
Let g(l) = l**2 - l - 8. Let o = 8 + -8. Let b be g(o). Calculate the remainder when (-1 + 1/2)*b is divided by 2.
0
Suppose -4*c - 2882 = -3010. What is the remainder when c is divided by 15?
2
Suppose n = 2*n + 5*y + 11, 2*n - 4*y - 20 = 0. Suppose -p = -n - 46. Calculate the remainder when p is divided by 17.
16
Suppose 15 = -2*q - 5*m, -4*q + 2*m + 30 = -0*q. Suppose 213 = 5*k - 7*h + q*h, 5*k = -4*h + 189. What is the remainder when k is divided by 22?
19
Let r(a) = -a - 23. Let i be r(-14). Let d be i/(-18) - 351/(-6). Let h = d - 18. What is the remainder when h is divided by 6?
5
Let k = -133 - -136. Let f(t) = 7*t + 1. Calculate the remainder when 106 is divided by f(k).
18
Suppose -4*a + 43 = -5. Let q = 12 + 10. What is the remainder when q is divided by a?
10
Let s = -1327 + 1605. What is the remainder when s is divided by 28?
26
What is the remainder when 106 is divided by 1 + 5/((-35)/(-651)) + -3?
15
Let t = 438 + -316. Calculate the remainder when t is divided by 62.
60
Let n(q) = 34*q - 198. What is the remainder when n(8) is divided by 48?
26
Let f = 920 + -905. Calculate the remainder when 866 is divided by f.
11
Suppose -a = -4*a + 27. Let r be (-2)/a + (-704)/72. What is the remainder when 58 is divided by r*(9/(-6) - 0)?
13
Suppose 5*d - 43 = -2*x + 23, 0 = 3*x - 5*d - 74. Let i = x - -41. What is the remainder when i is divided by 18?
15
Suppose -2*d = -4*k + 166, 0 = -5*d + 6*d - 5. What is the remainder when 218 is divided by k?
42
Suppose 4*r - 84 = 2*u, -2*u - 116 = -5*r - 5*u. Let i(y) = -4*y - 7. Calculate the remainder when r is divided by i(-6).
5
Let j = 63 + -17. Calculate the remainder when j is divided by (0/(-11) - -11) + 1.
10
Let h be 7 - (-4 + 1) - 2. Let c be (9/6)/(4/h). Suppose -2*j = -l - 2*l - 111, -124 = -c*j - 4*l. Calculate the remainder when j is divided by 25.
23
Suppose -12 = 2*h - 4*h. Let b = 17 - h. Let y = -139 - -181. Calculate the remainder when y is divided by b.
9
Suppose 39*p = 34*p + 1140. Suppose 2*n = p - 80. What is the remainder when n is divided by 25?
24
Suppose 2*y = 5*j + 7*y - 15, -5*j + y = -15. Let s(n) = -8*n + 46. Let l be s(6). Let c = j - l. Calculate the remainder when 7 is divided by c.
2
Let i be (-4)/16*34*(-1 - 1). Suppose 0 = o - 9 - i. What is the remainder when o is divided by 7?
